2)/(-6) + 11/3 is divided by z?
0
Suppose i - 5*s = 3*i - 204, -208 = -2*i - 3*s. Calculate the remainder when i is divided by 27.
26
Let i(m) = m**2 - 4*m - 5. Let f be i(5). Suppose f = 3*k - 3*c - 135, 4*k = c + c + 182. Calculate the remainder when 24 is divided by k/4 - (-3)/2.
11
Let f(b) = -b**2 + 2. Let q be f(0). Suppose -3*p + k = q - 9, -5*p + 4*k = 0. Suppose m - p*m + 24 = 0. What is the remainder when 14 is divided by m?
6
Suppose 3*a - a = 3*w - 11, -3*w + 7 = 2*a. What is the remainder when (1/w)/((-4)/(-204)) is divided by 9?
8
Let o = -63 - -108. Suppose -26 = 4*v + 5*g - 79, -2*g + o = 3*v. Calculate the remainder when 67 is divided by v.
16
Let r(p) be the second derivative of p**4/12 + p**3/3 - 3*p**2 + 2*p. Let s be r(-5). Suppose 0 = 3*w - s - 24. Calculate the remainder when w is divided by 6.
5
Suppose -20 = 4*o, 0*z = -z - o - 49. Let k = z + 85. Calculate the remainder when k is divided by 14.
13
Suppose -l = 3*v - 12, -3*l + 16 = -0*v + 4*v. Suppose -5*t + 4*w + 73 = 0, v*t + 3*w + w = 80. Calculate the remainder when t is divided by 6.
5
Suppose 0 = -4*h + 12. Suppose h*z = 5*z + 10. What is the remainder when 12 is divided by (14/z)/((-4)/10)?
5
Let h be (6/(-9))/(2/(-39)). Let m = 9 - h. Let q = 7 + m. Calculate the remainder when 4 is divided by q.
1
Suppose -2*l + 9 = -11. Let r be ((-9)/(-4))/(3/(-16)). Calculate the remainder when l is divided by (-2 - r)*2/5.
2
Let r(z) be the second derivative of 4*z**2 + 1/20*z**5 + z - 7/12*z**4 + 0 - 4/3*z**3. Calculate the remainder when 15 is divided by r(8).
7
Suppose -3*v = -0*v - 48. What is the remainder when 200/8 + 5 + 1 is divided by v?
15
Let f(k) = 3*k**2 - 1. Suppose -4*w + 4*b - 2*b = 0, -w - 4*b - 9 = 0. Calculate the remainder when 6 is divided by f(w).
0
What is the remainder when 145/3 - (-10)/15 is divided by 13?
10
Let w(t) = t**2 - t - 39. Let x be w(0). Let f be 2/3*x/(-2). Suppose -3*j + 32 = -f. Calculate the remainder when 28 is divided by j.
13
Let f be 0 - (2 + (-1 - 1)). Suppose f*l + l = 3. Let g = l + -1. What is the remainder when g is divided by 1?
0
Suppose -4*z + 2*f = -116, -5*f - 38 = -z - 0*z. Suppose -31 + 211 = 12*r. What is the remainder when z is divided by r?
13
Suppose 0 = j - 2. Suppose -j*x - 5*k = -0 + 1, -2*k = -5*x + 12. Suppose 2*s - 6 = -x*f, -3*s = 2*s + f - 15. What is the remainder when 5 is divided by s?
2
Suppose 0 = -3*m - 2*d + 13, 2*m + 19 = m + 4*d. Calculate the remainder when m is divided by 1.
0
Let j(f) = -f**2 - 16*f - 15. Let c be j(-10). Let l = c - 26. What is the remainder when 73 is divided by l?
16
Let p(d) = 2*d - 4. Let z be (1/3)/((-1)/(-12)). Let m be p(z). What is the remainder when 10 is divided by (m/(-10))/(3/(-30))?
2
Let x be 1150/90 + 4/18. Let c(v) = v - 7. Let k be c(x). Let a(q) = 8*q - 9. Calculate the remainder when a(k) is divided by 14.
11
Calculate the remainder when (-25)/2*76/(-19) is divided by 17.
16
Let z(l) = -17*l**3 - l**2 - 2*l - 2. Calculate the remainder when 25 is divided by z(-1).
9
Suppose n = -1 + 32. What is the remainder when n is divided by 12?
7
Let y(p) = -6*p + 2. Suppose -3*f + 106 = 34. Calculate the remainder when f is divided by y(-2).
10
Suppose 5*y - 1075 = -190. Calculate the remainder when y is divided by 20.
17
Let p = 51 - 18. What is the remainder when p is divided by 9?
6
Let y be (-4)/(-6) + (-6)/(-18). What is the remainder when 32 is divided by 7/((-14)/(-36)) - y?
15
Let d = 376 - 245. Calculate the remainder when d is divided by 22.
21
Suppose f - 10 = 3. What is the remainder when 114 is divided by f?
10
Suppose -5*g + u = -26, g - 22 = 2*u - 6*u. What is the remainder when g is divided by 4?
2
Let z(h) = 4 - 7*h + 2*h**2 - 1 + 6 - 3. Let x be z(5). Calculate the remainder when 38 is divided by 0 + x + -3 + 2.
18
Suppose 30 = 5*h - 3*i - 0*i, 0 = 5*h - i - 20. Let r(q) = -q**2 + 7*q - 5. Calculate the remainder when h is divided by r(6).
0
Let v = -4 - -7. Suppose -5*q = 4*t - 91, t - v*q - 102 = -2*t. Calculate the remainder when t is divided by 16 - (1 - (-1 - -1)).
14
Let m be 2 + (-7)/(7/6). Suppose 5*n - 23 = 7. Calculate the remainder when (-342)/(-30) + m/10 is divided by n.
5
Let g be (-1 + (-1 - -3))*3. Calculate the remainder when 2*(35/2 + g) is divided by 21.
20
Suppose 18 + 6 = 6*x. Calculate the remainder when 6 is divided by x.
2
Let r(t) = 2*t**2 - 16*t - 18. Calculate the remainder when r(13) is divided by 19.
17
Suppose 2*r = 88 + 156. Calculate the remainder when 3/(-6) + r/4 is divided by 11.
8
What is the remainder when (-5*3)/(1 - 2) is divided by 6?
3
Suppose 5*s - b = b + 56, b = -3. Let h be (-6 - -7) + 9 + 0. Let g = s + h. What is the remainder when g is divided by 7?
6
Let t(v) = 2*v + 15. What is the remainder when t(0) is divided by 6?
3
Let d(t) = -t. Let u be d(-4). Suppose 5*y - y = -2*x + 88, -61 = -3*y - u*x. Calculate the remainder when 68 is divided by y.
22
Let g(b) = -b + 1. Let k be g(-5). Let x = k + -6. Calculate the remainder when (1 - (x + 0))*29 is divided by 15.
14
Let b(a) = 2*a**2 + 11*a + 16. Let d(u) = -u**2 - 5*u - 8. Let v(t) = 3*b(t) + 5*d(t). What is the remainder when v(-7) is divided by 1?
0
Let c(z) = -z + 8. Let b be c(-10). What is the remainder when b/(20/(-12) + 2) is divided by 14?
12
Let i be 60/24*(-5 - 1). Let k = i + 44. Calculate the remainder when k is divided by 10.
9
Let y(l) = -2*l - 4. Let v be y(-6). Suppose -3*i - 145 = -v*i. Suppose 0 = -5*a + 4*t + i, -2*a + 3*t - 7*t = -6. What is the remainder when a is divided by 3?
2
Let g = -186 - -287. What is the remainder when g is divided by 34?
33
Suppose -4*j - 72 = y, 2*j + 36 = 2*y + 150. Let o = y + 89. What is the remainder when o is divided by 10?
9
What is the remainder when ((-21)/(-4))/((-6)/(-112)) is divided by 25?
23
Suppose -i = c - 45, 4*c + 0*c = 2*i + 192. What is the remainder when c is divided by 12?
11
Suppose 2*j - 40 = 2*f - 4, -5*j = f - 66. Calculate the remainder when j is divided by 5.
4
Let x(r) = 2*r**2 - 2*r + 2. Calculate the remainder when 15 is divided by x(2).
3
Calculate the remainder when 59 is divided by 75/5 - (1 + -1)/(-2).
14
Let x(i) = i + 14. Let l be x(-8). Calculate the remainder when 14/8 - 3/(-12) is divided by (-3)/(l/(-4) + 0).
0
Suppose -5*s - 3*d + 7 = -10, d = 2*s - 9. What is the remainder when (s/1)/((-10)/(-105)) is divided by 22?
20
Let m(x) = -x - 3. Calculate the remainder when m(-9) is divided by (-15)/(-4) - (-2)/8.
2
Suppose 2*c = -0*c. Suppose 5*s - a = 47, -5*s + c*a + 53 = -4*a. Let i = 54 + -37. What is the remainder when i is divided by s?
8
Let l(x) = x**3 - 14*x**2 - 15*x + 7. Let k = 3 + -1. Suppose -j - k*j = -6. What is the remainder when l(15) is divided by j?
1
Let k be -2*(5/(-2) + 0). Suppose k*b = 22 + 33. Suppose -2*y - 5*d = -35, -4*y + 74 + 21 = 5*d. What is the remainder when y is divided by b?
8
Suppose 4 + 4 = 2*l. Let j(a) = a**2 + 3*a + 6. Let r(m) = m - 9. Let z be r(5). Calculate the remainder when j(z) is divided by l.
2
Let o(d) = d**2 + 16*d + 41. Calculate the remainder when o(-15) is divided by 14.
12
Let v be ((-4)/(-16))/((-1)/(-4)). Let m(p) = 11*p**3 + p**2 + p - 1. What is the remainder when 35 is divided by m(v)?
11
Let k = 69 + -37. Calculate the remainder when k is divided by 7.
4
Let u = 1 - -10. Let m be (-2)/5 + (-228)/(-20). Suppose 2*h = m + u. What is the remainder when 32 is divided by h?
10
Suppose 2*g = -5*s + 94 + 72, -g - 2*s = -82. What is the remainder when g is divided by 16?
14
Let x = 8 + -4. Suppose -77 = x*b - 9*b + p, 5*b - 73 = -p. Suppose 0 = k - 4 - 25. Calculate the remainder when k is divided by b.
14
Suppose -2*o = -o - 2. Calculate the remainder when o is divided by 1.
0
Suppose -5*v + 0*v = -35. What is the remainder when 27 is divided by v?
6
What is the remainder when (-144)/(-54) + 2/6 is divided by 2?
1
Suppose -a + 12 = 2*a. What is the remainder when a is divided by 3?
1
Calculate the remainder when (841/(-58))/((-1)/2) is divided by 11.
7
Suppose -7*g + 2*g + 210 = 0. What is the remainder when g is divided by 11?
9
Suppose 0 = 3*j, t - 12 = -2*j + 32. Let q be 16/6 + 1/3. Suppose q*g - t = 4. Calculate the remainder when 46 is divided by g.
14
Suppose -4*h - 1 = -c, c = 3*c - 5*h - 14. What is t